*2 + d - l + d**3 + 1 + d. Give w(3).
2
Let w(m) = m**3 + 7*m**2 + 8*m + 5. Let b be w(-6). Let o(u) = u**2 + 8*u + 1. Let q be o(b). Let s = q - 0. Let g(f) = f**2 + 6*f + 4. Calculate g(s).
4
Suppose m + m - 2*b = 6, -4*b = -3*m + 9. Let j(v) be the first derivative of 0*v**2 + 7/3*v**m + v + 2. What is j(-1)?
8
Let o(j) = j**2 + 7*j - 42. Let s be o(-11). Let p(l) be the second derivative of 0*l**3 - 1/2*l**s + 0 + 11/12*l**4 + 5*l. Calculate p(-1).
10
Suppose -2*g - 8 - 3 = -3*f, 0 = -3*f - 3*g - 9. Let x(b) = -b**2 + b - 1. Determine x(f).
-1
Let c(v) be the second derivative of -v**4/24 + v**3/6 + 5*v**2/2 + 11*v. Let u(q) be the first derivative of c(q). Give u(5).
-4
Let j = 61 + 11. Suppose 3*y + j = -9*y. Let h(f) = -3*f - 8. What is h(y)?
10
Let a be 272 - (3/3 - 3) - 2. Let o be (-4)/(-10) - a/80. Let c(f) = 2*f**2 + 6*f - 8. Let l(v) = -v**2 - 3*v + 4. Let r(i) = 4*c(i) + 7*l(i). Give r(o).
-4
Suppose -3*a - 2 = -4*u, 6*u - 2*a = 5*u + 3. Let h(q) = 10*q**3 - 3*q - 2. Give h(u).
-9
Let s(p) be the third derivative of -p**5/60 + 5*p**4/24 + 28*p**2. Give s(6).
-6
Suppose 3*b = -2*v - 21, -2*v - 18 = -b - 25. Let p(r) = r**2 + 4*r + 6. Give p(b).
27
Let t be (1 + -3)*(-5)/2. Suppose -t*r - 5*v = -15, -2*r + 0 = -4*v - 6. Let i(x) be the first derivative of x**3/3 - x**2/2 - 4*x - 1. What is i(r)?
2
Let h(u) = 213*u + 205*u + 2*u**2 - 414*u. Determine h(-4).
16
Let g(o) = o**3 + 4*o**2 - 2*o + 5. Let r be (20/(-75)*9)/(22/55). Determine g(r).
-55
Let l(p) be the first derivative of p**3/3 + 2*p**2 + 4*p - 50. Give l(-6).
16
Let x(i) = i**3 - 16*i**2 + 15*i + 6. Let k be (-243)/(-18)*(-90)/(-81). What is x(k)?
6
Let v(t) = -16*t**2 - 9*t + 8. Let p(k) = 7*k**2 + 5*k - 4. Let z(s) = 7*p(s) + 3*v(s). Give z(-4).
-20
Let i(g) be the second derivative of -g**3/3 - 6*g + 10. Let b be 4/16 + 50/(-8). Determine i(b).
12
Let j be (15 - 10 - 11) + 0/2. Let f(b) = -b**3 - 6*b**2 + 4*b - 10. What is f(j)?
-34
Let z(m) = -2*m**2 - 2. Let l(i) = 8*i**2 + i + 5. Let b(p) = -2*l(p) - 7*z(p). What is b(-3)?
-8
Let i(y) = y + 9. Suppose 92 - 96 = -2*g. Let p be -1*(g/(-11) - (-1261)/(-143)). Determine i(p).
18
Let y(d) = d**2 - 4*d - 5. Suppose 2*c + 0*c + 52 = 0. Let v = c - -10. Let t = 20 + v. Calculate y(t).
-5
Let i(v) = v - 23. Let k be i(21). Let t(w) = -w**3 - w**2 + w. Calculate t(k).
2
Let r(m) be the first derivative of -m**4/4 + 5*m**3/3 - 2*m**2 - 2*m - 1. Let c(a) = 22*a + 10. Let h be c(2). Let t = h + -50. Calculate r(t).
-2
Let v(u) = -10*u + 10. Suppose 0 = -2*h + f + 14, 2*h + 171 = 5*f + 169. Calculate v(h).
-80
Let x(q) = -q - 1. Let u = -3 + 0. Let n(d) = -5*d + 1. Let w(m) = u*x(m) + n(m). Let l = -152 - -155. Give w(l).
-2
Let l(c) = c**3 - 8*c**2 + 3*c + 10. Let k(o) = 37*o - 473. Let b be k(13). What is l(b)?
34
Let m(r) = -r**3 + 29*r**2 + 4*r - 121. Let b be m(29). Suppose 10 = -3*n + 5*n. Let t(w) = -w**3 - 6*w - 2 - 6*w**2 + 5*w**2 - n*w**2. What is t(b)?
3
Let i(q) = q**3 + 6*q**2 + 8*q + 4. Let z(b) = b**3 - 6*b**2 + b - 60. Let k be z(7). Determine i(k).
4
Let w(u) = 6*u**3 + 24*u**2 + u + 28. Let m(i) = i**3 + 5*i**2 + 6. Let b(k) = -11*m(k) + 2*w(k). What is b(7)?
4
Let n(g) = -4*g**2 - g + 1. Suppose -2*c = 5*k - 40, -c = -5 - 0. Let h(l) = k*l + 0*l - 5*l + 7. Let o be h(-6). Give n(o).
-4
Let x(r) = -2*r**2 - 8*r. Let q be x(-4). Let m(l) = -3 + q - l**3 + 4. Determine m(1).
0
Let l(s) = s**3 + 5*s**2 + 6*s + 3. Let t = -77 - -97. Suppose -j + 6*j + t = 0. Calculate l(j).
-5
Let v(n) = -3*n + 3. Let h be v(2). Let b(q) = -q**3 + q**2 + 2. Let t(w) = -4*w**3 - 2*w**2 - 4*w + 7. Let s(k) = 3*b(k) - t(k). Determine s(h).
5
Let c(b) = b**3 + 8*b**2 + 8*b + 10. Suppose 39*w = 36*w - 21. What is c(w)?
3
Let v = -469 + 476. Let q(n) = -n**2 - 6*n - 6. Let i(y) = -2*y**2 - 7*y - 5. Let o(m) = -2*i(m) + 3*q(m). Determine o(v).
13
Let l(h) = -4 + 15*h - h**2 + 8*h - 26*h. Suppose 0 = -v + w, -15 = v + w + 3*w. What is l(v)?
-4
Let d(b) = -3*b**2 + 9*b - 9. Let t(m) = m**2 + 5. Let z be t(0). Let o(a) = 0*a + a + 4 - a**2 - z. Let j(h) = -d(h) + 2*o(h). Calculate j(5).
-3
Let y(z) = 2*z + 6. Let k be y(-6). Let l(f) = 8*f**3 - 4*f**2 - 7*f - 11. Let g(w) = -13*w**3 + 9*w**2 + 13*w + 21. Let r(h) = 3*g(h) + 5*l(h). Give r(k).
20
Let t be (3 - 3)*(-2)/(-4). Let w(p) be the third derivative of p**5/60 - p**3/2 + 2*p**2. Calculate w(t).
-3
Let k(h) be the second derivative of 1/12*h**4 + 0 - 1/2*h**3 + 32*h - h**2. Let t = 11 - 7. Determine k(t).
2
Let r(i) = 4*i + 3. Let z(f) = -f - 2. Let u(s) = r(s) + 2*z(s). Determine u(2).
3
Let h be (4/2 - 4)*-2. Let k(i) be the second derivative of -2/3*i**3 - 6*i + 1/12*i**4 + 0 - 1/2*i**2. Calculate k(h).
-1
Let m(g) = g**3 + 12*g**2 + 6*g + 21. Let v(x) = x**3 + 12*x**2 + 7*x + 23. Let h(d) = -4*m(d) + 3*v(d). Determine h(-12).
21
Let g(x) = -x**2 - 9*x - 2. Suppose 2*d = 56 - 68. Determine g(d).
16
Let h(u) = -u**2 - 6*u + 2. Let y be h(-6). Let t(l) be the first derivative of l**4/4 + l**3/3 - 3*l**2/2 + l - 21. What is t(y)?
7
Suppose 0 = 15*x - 17*x. Suppose -8*p + 3*p = x. Suppose p*s - 2 = -s. Let t(z) = z**3 - 2*z**2 + 3*z. Calculate t(s).
6
Let p(c) = -4 - c**3 + c**2 + 134*c + 4*c**2 - 138*c. Let b = -4 + 15. Let g be (b + -2)/3 + 1. What is p(g)?
-4
Let u = 102 + -59. Let w(q) = -u + 86 - q**2 + q - q**3 - 41. Calculate w(-2).
4
Let d(k) be the second derivative of 2/3*k**3 + 1/20*k**5 + 0 - 1/3*k**4 + 2*k - 3*k**2. Let s(x) = x**3 - 10*x**2 + 9*x + 4. Let a be s(9). Give d(a).
10
Let l(x) = -5*x + 2. Let u be (0 + (-6)/15)/(2/(-30)). Give l(u).
-28
Let a(z) = -z**2 + z - 7. Let k be -4 + (-2 - 0)*-2. Determine a(k).
-7
Suppose o = -39*o + 80. Let t(i) = 23*i - 7. Give t(o).
39
Let h(x) = 7*x**3 - 3*x**2 - 6*x + 8. Let a(j) = 4*j**3 - 2*j**2 - 3*j + 4. Let i(g) = -5*a(g) + 3*h(g). Let z = -7 - -9. Let n = z + -5. What is i(n)?
-5
Let q(j) = 5*j**3 - 9*j - 10. Let w(a) = -14*a**3 + a**2 + 25*a + 29. Let v(p) = -11*q(p) - 4*w(p). Give v(4).
-10
Suppose 7 = d - 2. Suppose -1 = -2*a + d. Suppose -a*k = -0*k. Let j(p) = p**2 - p + 3. Give j(k).
3
Let n(l) = -l - 39 + 71 - 33. What is n(3)?
-4
Let i = -78 + 74. Let q(m) be the first derivative of -m**4/8 + m**2 - 1. Let z(w) be the second derivative of q(w). Determine z(i).
12
Let q(x) be the first derivative of -x**4/4 + x**3 + x**2 - 3*x + 1. Let p(y) = 3*y. Let s(g) = g**2. Let c be s(-1). Let j be p(c). Give q(j).
3
Let x(o) be the second derivative of -10*o**3/3 - 33*o. Give x(1).
-20
Let p be -1*1 + (-2 - (-5 - -3)). Let n(a) = -2*a**3 + a**2 - 1. Determine n(p).
2
Let s be 6*(65/15 + -4). Let t(v) = v**2 + 0*v**s + 5*v + 3*v - 4*v. Give t(-4).
0
Let v(i) = i**3 - 2*i + 1. Let l(u) = u**3 + 4*u**2 - 10*u + 10. Let k be l(-6). Determine v(k).
-3
Let l(x) = x**2 + x + 1. Let a = -269 - -273. Give l(a).
21
Let y(r) = -4*r**3 + 5*r**2 + 75 + 9*r**3 - 65 + 3*r - 6*r**3. What is y(6)?
-8
Suppose -29 = -9*i + 34. Let j(c) = -i*c + 3 - 1 - 5 + 8*c. Give j(0).
-3
Let j(r) = -r - 4. Suppose -3*v - 6 = 0, 2 + 1 = c - 3*v. Calculate j(c).
-1
Let y(w) = -11*w**3 - 18*w**2 - 4*w + 20. Let u(i) = -7*i**3 - 11*i**2 - 2*i + 13. Let v(h) = 8*u(h) - 5*y(h). Determine v(4).
-12
Let n(c) = 2*c**2 + c - 7. Let s(g) = -15*g - 304. Let y be s(-20). Determine n(y).
21
Let b(v) = -26*v - 5 + 59*v - 32*v. Calculate b(11).
6
Let p be -10*-2*2/10. Let b = 30 + -26. Let y(v) = -b + 2 + 5*v - v - 4. Determine y(p).
10
Let v(i) = 2*i + 17. Let x(z) = z - 2. Let y(g) = v(g) + 3*x(g). Calculate y(-3).
-4
Let d(f) be the first derivative of f**3/3 + 5*f**2/2 - 6*f + 2. Suppose -3*g + 0*g + 5 = -4*q, q = g. Calculate d(q).
-6
Let b(r) = -2*r**3 + 14*r**2 - r + 4. Let n be b(7). Let p(s) = -s**3 - s**2 + 5*s + 3. What is p(n)?
6
Let t = -161 + 169. Let y(k) = 2*k - 9. Calculate y(t).
7
Let b(t) = -t**2 + 3*t + 3. Let m be 2/13 - (-162)/(-39). Let f = 0 - m. Suppose -f*x = 4*a - 24, x = 5*a + 2*x - 18. Calculate b(a).
3
Let y = 24 + -23. Let l(n) = n**2 + 1. Let q(o) = -6*o**2 + 2*o - 1. Let r be q(1). Let f(b) = -4*b**2 + 5. Let c(h) = r*l(h) + y*f(h). Calculate c(-1).
-9
Let g(p) = p**3 - 4*p**2 - 5*p - 5. Let l = -1 - -6. Let k be g(l). Let v(m) = 16*m - 13*m + m**2 + 16*m - 14*m. Determine v(k).
0
Let u(c) be the third derivative of c**6/120 - c**5/12 - 